{"id":8,"date":"2018-09-05T10:39:34","date_gmt":"2018-09-05T10:39:34","guid":{"rendered":"<p>[vc_row][vc_column][rev_slider_vc alias=\"home-1\"][\/vc_column][\/vc_row][vc_row full_width=\"stretch_row_content_no_spaces\" equal_height=\"yes\" content_placement=\"top\"][vc_column css=\".vc_custom_1467210877865{padding-top: 0px !important;}\"][vc_row_inner eq"},"modified":"2020-01-06T15:13:02","modified_gmt":"2020-01-06T14:13:02","slug":"home-1-3","status":"publish","type":"page","link":"https:\/\/3i.al\/","title":{"rendered":"Home 1"},"content":{"rendered":"<div class=\"wpb-content-wrapper\"><p>[vc_row][vc_column][rev_slider_vc alias=&#8221;home-1&#8243;][\/vc_column][\/vc_row][vc_row full_width=&#8221;stretch_row_content_no_spaces&#8221; equal_height=&#8221;yes&#8221; content_placement=&#8221;top&#8221;][vc_column css=&#8221;.vc_custom_1467210877865{padding-top: 0px !important;}&#8221;][vc_row_inner equal_height=&#8221;yes&#8221; el_class=&#8221;home-widget-top&#8221;][vc_column_inner el_class=&#8221;text-white&#8221; width=&#8221;1\/4&#8243; css=&#8221;.vc_custom_1562101447482{padding-top: 30px !important;padding-right: 30px !important;padding-bottom: 30px !important;padding-left: 30px !important;background-color: #89ba2a !important;}&#8221;]\n\n\n    <div class=\"nd_options_section nd_options_position_relative fdsfsdf\">\n        <a rel=\"\" href=\"\"><img decoding=\"async\" alt=\"\" class=\"nd_options_position_absolute nd_options_left_0\" width=\"50\" src=\"https:\/\/3i.al\/wp-content\/uploads\/2019\/07\/kapelja.svg\"><\/a>\n        <div class=\"nd_options_section nd_options_padding_left_70 nd_options_box_sizing_border_box\">\n            <a rel=\"\" href=\"\"><h2 style=\"color:#ffffff\"><strong>Nx\u00ebn\u00ebs<\/strong><\/h2><\/a>\n            <div class=\"nd_options_section nd_options_height_20\"><\/div>\n            <p style=\"color:#ffffff\" class=\"\">Lexo m\u00eb shum\u00eb rreth nx\u00ebn\u00ebsve<\/p>\n        <\/div>\n    <\/div>\n\n\n  [\/vc_column_inner][vc_column_inner width=&#8221;1\/4&#8243; css=&#8221;.vc_custom_1562100837676{padding-top: 30px !important;padding-right: 30px !important;padding-bottom: 30px !important;padding-left: 30px !important;background-color: #0060ad !important;}&#8221;]\n\n\n    <div class=\"nd_options_section nd_options_position_relative \">\n        <a rel=\"\" href=\"\"><img decoding=\"async\" alt=\"\" class=\"nd_options_position_absolute nd_options_left_0\" width=\"50\" src=\"https:\/\/3i.al\/wp-content\/uploads\/2019\/07\/teacher.svg\"><\/a>\n        <div class=\"nd_options_section nd_options_padding_left_70 nd_options_box_sizing_border_box\">\n            <a rel=\"\" href=\"\"><h2 style=\"color:#ffffff\"><strong>M\u00ebsues<\/strong><\/h2><\/a>\n            <div class=\"nd_options_section nd_options_height_20\"><\/div>\n            <p style=\"color:#ffffff\" class=\"\">Lexo me shume rreth Mesuesve:<\/p>\n        <\/div>\n    <\/div>\n\n\n  [\/vc_column_inner][vc_column_inner width=&#8221;1\/4&#8243; css=&#8221;.vc_custom_1562100946070{padding-top: 30px !important;padding-right: 30px !important;padding-bottom: 30px !important;padding-left: 30px !important;background-color: #ec411b !important;}&#8221;]\n\n\n    <div class=\"nd_options_section nd_options_position_relative \">\n        <a rel=\"\" href=\"\"><img decoding=\"async\" alt=\"\" class=\"nd_options_position_absolute nd_options_left_0\" width=\"50\" src=\"https:\/\/3i.al\/wp-content\/uploads\/2019\/07\/parent.svg\"><\/a>\n        <div class=\"nd_options_section nd_options_padding_left_70 nd_options_box_sizing_border_box\">\n            <a rel=\"\" href=\"\"><h2 style=\"color:#ffffff\"><strong>Prind\u00ebr<\/strong><\/h2><\/a>\n            <div class=\"nd_options_section nd_options_height_20\"><\/div>\n            <p style=\"color:#ffffff\" class=\"\">Lexo me shume rreth Prinderve:<\/p>\n        <\/div>\n    <\/div>\n\n\n  [\/vc_column_inner][vc_column_inner width=&#8221;1\/4&#8243; css=&#8221;.vc_custom_1562100997393{padding-top: 30px !important;padding-right: 30px !important;padding-bottom: 30px !important;padding-left: 30px !important;background-color: #9c0b5d !important;}&#8221;]\n\n\n    <div class=\"nd_options_section nd_options_position_relative \">\n        <a rel=\"\" href=\"\"><img decoding=\"async\" alt=\"\" class=\"nd_options_position_absolute nd_options_left_0\" width=\"50\" src=\"https:\/\/3i.al\/wp-content\/uploads\/2019\/07\/book.svg\"><\/a>\n        <div class=\"nd_options_section nd_options_padding_left_70 nd_options_box_sizing_border_box\">\n            <a rel=\"\" href=\"\"><h2 style=\"color:#ffffff\"><strong>Shkolla<\/strong><\/h2><\/a>\n            <div class=\"nd_options_section nd_options_height_20\"><\/div>\n            <p style=\"color:#ffffff\" class=\"\">Lexo me shume rreth Shkolles:<\/p>\n        <\/div>\n    <\/div>\n\n\n  [\/vc_column_inner][\/vc_row_inner][\/vc_column][\/vc_row][vc_row gap=&#8221;20&#8243; equal_height=&#8221;yes&#8221; css=&#8221;.vc_custom_1562284118891{margin-top: 50px !important;}&#8221;][vc_column width=&#8221;1\/2&#8243; css=&#8221;.vc_custom_1562284091549{padding-top: 0px !important;background-color: #f9f9f9 !important;}&#8221;][vc_text_separator title=&#8221;Eventi i fundit&#8221; title_align=&#8221;separator_align_left&#8221; css=&#8221;.vc_custom_1570650483161{margin-top: 30px !important;}&#8221;][vc_basic_grid post_type=&#8221;post&#8221; max_items=&#8221;1&#8243; element_width=&#8221;12&#8243; gap=&#8221;0&#8243; orderby=&#8221;ID&#8221; order=&#8221;ASC&#8221; item=&#8221;930&#8243; grid_id=&#8221;vc_gid:1578319889730-e4479012d48344a3f6f75e7ae037b00f-3&#8243; taxonomies=&#8221;2&#8243;][\/vc_column][vc_column width=&#8221;1\/2&#8243; css=&#8221;.vc_custom_1562284131545{background-color: #f9f9f9 !important;}&#8221;][vc_text_separator title=&#8221;Aktivitetet&#8221; title_align=&#8221;separator_align_left&#8221;][vc_tta_tabs style=&#8221;modern&#8221; shape=&#8221;square&#8221; color=&#8221;pink&#8221; active_section=&#8221;1&#8243; no_fill_content_area=&#8221;true&#8221;][vc_tta_section title=&#8221;Eventet e ardhshme&#8221; tab_id=&#8221;1562102568344-144e2955-4ba3&#8243;][vc_masonry_grid post_type=&#8221;post&#8221; max_items=&#8221;1&#8243; style=&#8221;load-more&#8221; element_width=&#8221;12&#8243; orderby=&#8221;ID&#8221; order=&#8221;ASC&#8221; item=&#8221;920&#8243; grid_id=&#8221;vc_gid:1578319889827-d25c19b1abdc822c666f453d5bb2ba84-4&#8243; taxonomies=&#8221;2&#8243;][\/vc_tta_section][vc_tta_section title=&#8221;Evente t\u00eb m\u00ebparsh\u00ebm&#8221; tab_id=&#8221;1562102568344-3ee7ad9e-e626&#8243;][vc_masonry_grid post_type=&#8221;post&#8221; max_items=&#8221;2&#8243; element_width=&#8221;12&#8243; order=&#8221;ASC&#8221; item=&#8221;920&#8243; initial_loading_animation=&#8221;none&#8221; grid_id=&#8221;vc_gid:1578319889867-769d04a4ba0a64c50de618ceba2e2604-4&#8243; taxonomies=&#8221;2&#8243;][\/vc_tta_section][\/vc_tta_tabs][\/vc_column][\/vc_row][vc_row full_width=&#8221;stretch_row&#8221; equal_height=&#8221;yes&#8221; content_placement=&#8221;middle&#8221; parallax=&#8221;content-moving&#8221; parallax_image=&#8221;270&#8243; css=&#8221;.vc_custom_1562104146401{margin-top: 50px !important;padding-top: 90px !important;padding-bottom: 90px !important;}&#8221; el_class=&#8221;nd_options_vc_parallax_filter_1_3&#8243;][vc_column width=&#8221;1\/2&#8243; css=&#8221;.vc_custom_1467206505540{padding-top: 10px !important;padding-bottom: 10px !important;}&#8221;]\n    <div style=\"text-align:center\" class=\"nd_options_section\">\n      <img decoding=\"async\" alt=\"\" style=\"width:150px\" class=\" nd_options_margin_0 nd_options_padding_0 \" src=\"https:\/\/3i.al\/wp-content\/uploads\/2019\/07\/think.svg\">\n    <\/div>\n   <div style=\"background-color:;height: 10px\" class=\"nicdark_section  \"><\/div> <h2 style=\"color:#444444;padding:px;text-align:center;font-size:30px;line-height:30px;letter-spacing: px;font-weight:bold\" class=\"   nd_options_second_font \">Sistemi i Mb\u00ebshtetjes s\u00eb Sjelljes<\/h2> <div style=\"background-color:;height: 10px\" class=\"nicdark_section  \"><\/div>[vc_column_text]<\/p>\n<ul style=\"list-style: none; font-size: 16px; color: #444; width: 100%; text-align: left;\">\n<li><i class=\"vc_icon_element-icon fa fa-check\" style=\"color: #f05a28;\"><\/i> Fokusohet n\u00eb modelimin dhe shp\u00ebrblimin e sjelljeve pozitive<\/li>\n<li><i class=\"fa fa-check\" style=\"color: #f05a28;\"><\/i> P\u00ebrcakton sjelljet e p\u00ebrshtatshme<\/li>\n<li><i class=\"fa fa-check\" style=\"color: #f05a28;\"><\/i> Promovon nd\u00ebrveprimet pozitive m\u00ebsues-nx\u00ebn\u00ebs<\/li>\n<li><i class=\"fa fa-check\" style=\"color: #f05a28;\"><\/i> Mund\u00ebson rregulla t\u00eb qarta<\/li>\n<li><i class=\"fa fa-check\" style=\"color: #f05a28;\"><\/i> Pasojat jan\u00eb t\u00eb drejta dhe t\u00eb njohura<\/li>\n<\/ul>\n<p>[\/vc_column_text][\/vc_column][vc_column width=&#8221;1\/2&#8243; css=&#8221;.vc_custom_1562310547366{padding-top: 50px !important;padding-right: 50px !important;padding-bottom: 50px !important;padding-left: 50px !important;background-color: #ffffff !important;}&#8221;][vc_tta_pageable no_fill_content_area=&#8221;1&#8243; active_section=&#8221;1&#8243; pagination_color=&#8221;pink&#8221; css=&#8221;.vc_custom_1562107331417{padding: 0px !important;}&#8221;][vc_tta_section title=&#8221;Section 1&#8243; tab_id=&#8221;1562106793329-2e89eb30-7d24&#8243;] <h2 style=\"color:#f05a28;padding:px;text-align:;font-size:px;line-height:px;letter-spacing: px;font-weight:bold\" class=\"   nd_options_first_font \">Parimet baz\u00eb t\u00eb NSP-ve<\/h2> [vc_column_text css=&#8221;.vc_custom_1562107352459{margin-top: 30px !important;padding-top: 0px !important;padding-right: 0px !important;padding-bottom: 0px !important;padding-left: 0px !important;}&#8221;]\u00c7do f\u00ebmij\u00eb mund t\u00eb m\u00ebsoj\u00eb se si duhet t\u00eb sillet;<\/p>\n<p>Masat e hershme mund t\u00eb parandalojn\u00eb probleme m\u00eb t\u00eb komplikuara t\u00eb sjelljes;<\/p>\n<p>\u00c7do f\u00ebmij\u00eb \u00ebsht\u00eb i ndrysh\u00ebm dhe shkollat duhet t\u00eb mund\u00ebsojn\u00eb lloje t\u00eb ndryshme t\u00eb mb\u00ebshtetjes p\u00ebr sjelljen;<\/p>\n<p>M\u00ebnyra se si shkollat m\u00ebsojn\u00eb sjelljen duhet t\u00eb bazohet n\u00eb hulumtime dhe mendimin e ekspert\u00ebve;<\/p>\n<p>\u00cbsht\u00eb me r\u00ebnd\u00ebsi t\u00eb ndiqet ecuria e sjelljes s\u00eb nj\u00eb f\u00ebmije;<\/p>\n<p>Shkollat duhet t\u00eb mbledhin dhe t\u00eb p\u00ebrdorin t\u00eb dh\u00ebna p\u00ebr t\u00eb marr\u00eb vendime p\u00ebr problemet me sjelljen.[\/vc_column_text][\/vc_tta_section][vc_tta_section title=&#8221;Section 1&#8243; tab_id=&#8221;1562107396065-bb0bb45e-0fb5&#8243;] <h2 style=\"color:#f05a28;padding:px;text-align:;font-size:px;line-height:px;letter-spacing: px;font-weight:bold\" class=\"   nd_options_first_font \">3I-t\u00eb<\/h2> [vc_column_text css=&#8221;.vc_custom_1564488319117{margin-top: 30px !important;padding-top: 0px !important;padding-right: 0px !important;padding-bottom: 0px !important;padding-left: 0px !important;}&#8221;]N\u00eb qend\u00ebr t\u00eb projektit &#8220;Shkolla ime \u00ebsht\u00eb nj\u00eb vend i sigurt&#8221; jan\u00eb rregullat, t\u00eb cilat p\u00ebrmblidhen n\u00eb sloganin kryesor 3i-t\u00eb:<\/p>\n<ul>\n<li>I sigurt\u00eb<\/li>\n<li>I p\u00ebrgjegjsh\u00ebm<\/li>\n<li>I respektuesh\u00ebm<\/li>\n<\/ul>\n<p>[\/vc_column_text][\/vc_tta_section][\/vc_tta_pageable][\/vc_column][\/vc_row][vc_row css=&#8221;.vc_custom_1536159120200{margin-bottom: 50px !important;}&#8221;][vc_column css=&#8221;.vc_custom_1467619684642{padding-top: 0px !important;padding-right: 0px !important;padding-left: 0px !important;}&#8221;][vc_empty_space][vc_basic_grid post_type=&#8221;post&#8221; max_items=&#8221;6&#8243; gap=&#8221;20&#8243; item=&#8221;935&#8243; initial_loading_animation=&#8221;none&#8221; grid_id=&#8221;vc_gid:1578319890406-831feeec0a3efbfec4f7136dffcca743-9&#8243; taxonomies=&#8221;2&#8243;][\/vc_column][\/vc_row][vc_row][vc_column] <h2 style=\"color:;padding:px;text-align:;font-size:px;line-height:px;letter-spacing: px;font-weight:bold\" class=\"   nd_options_first_font \">FAQ<\/h2> [vc_empty_space height=&#8221;20px&#8221;][\/vc_column][\/vc_row][vc_row gap=&#8221;1&#8243;][vc_column][vc_toggle title=&#8221;\u00c7far\u00eb jan\u00eb nd\u00ebrhyrjet dhe mb\u00ebshtetjet pozitive p\u00ebr sjelljen (NMPS)?&#8221; css=&#8221;.vc_custom_1562617144974{padding: 20px !important;background-color: #f7f7f7 !important;}&#8221;]<\/p>\n<ol style=\"color: #444444; font-family: Calibri;\">\n<li>Sistem p\u00ebrzgjedhje dhe implementimi i nd\u00ebrhyrjeve parandaluese, t\u00eb evidentuara empirikisht, gjat\u00eb nj\u00eb kontiniumi kohor, q\u00eb mb\u00ebshtesin kompetencat sociale, emocionale, sjellore dhe akademike tek t\u00eb gjith\u00eb nx\u00ebn\u00ebsit.<\/li>\n<li>Nd\u00ebrveprimi i 4-element\u00ebve nd\u00ebrhyr\u00ebs , t\u00eb nevojsh\u00ebm gjat\u00eb marrjes s\u00eb vendimeve:<\/li>\n<li>T\u00eb dh\u00ebnat\u2013 Cili informacion \u00ebsht\u00eb i nevojsh\u00ebm p\u00ebr t\u00eb p\u00ebrmir\u00ebsuar marrjen e vendimeve?<\/li>\n<li>Rezultatet\u2013 \u00c7far\u00eb duhet t\u00eb b\u00ebjn\u00eb student\u00ebt p\u00ebr t\u00eb arritur suksesin akademik dhe sjelljet e pranueshme socialisht?<\/li>\n<li>Praktikat \u2013 \u00c7far\u00eb student\u00ebt kan\u00eb nevoj\u00eb t\u00eb p\u00ebrjetojn\u00eb p\u00ebr t\u00eb p\u00ebrmir\u00ebsuar sjelljen dhe suksesin akademik (m\u00ebsimdh\u00ebnia, nxitja,njohja e sjelljeve socialisht t\u00eb pranueshme).<\/li>\n<\/ol>\n<p>[\/vc_toggle][vc_toggle title=&#8221;Si funksionon NMPS?&#8221; css_animation=&#8221;flipInX&#8221; css=&#8221;.vc_custom_1562617118758{padding: 20px !important;background-color: #f7f7f7 !important;}&#8221;]<\/p>\n<ol style=\"color: #444444; font-family: Calibri;\">\n<li>N\u00eb nivel lokal<\/li>\n<li>Miratimi dhe supervizimi nga bordi i shkoll\u00ebs<\/li>\n<li>Marrja e vendimeve bazuar n\u00eb t\u00eb dh\u00ebna<\/li>\n<li>Krijimi i ekipit udh\u00ebheq\u00ebs t\u00eb zbatimit<\/li>\n<li>Dh\u00ebnia prioritet e iniciativ\u00ebs<\/li>\n<li>Implementimi i kapaciteteve<\/li>\n<li>Krijimi i qasjes dhe ekspertiz\u00ebs bazuar tek sistemi multinivelor<\/li>\n<li>Krijimi i politkave efi\u00e7ente q\u00eb mb\u00ebshtesin sjelljen n\u00eb terma aftagjat\u00eb<\/li>\n<li>Krijimi i mund\u00ebsive p\u00ebr zhvillim profesional<\/li>\n<\/ol>\n<p>[\/vc_toggle][vc_toggle title=&#8221;3 nivelet e NMPS?&#8221; css=&#8221;.vc_custom_1562617162904{padding: 20px !important;background-color: #f7f7f7 !important;}&#8221;]NMPS funksionojn\u00eb n\u00eb tre nivele t\u00eb intensitetit t\u00eb mb\u00ebshtetjes, t\u00eb cilat jan\u00eb zgjedhur me kujdes , bazuar n\u00eb praktik\u00eb dhe t\u00eb dh\u00ebnat empirike:<\/p>\n<ol style=\"color: #444444; font-family: Calibri;\">\n<li>\u00a0Niveli 1:\u00a0<u>Praktikat universale\u00a0<\/u>p\u00ebrjetohen nga t\u00eb gjith\u00eb nx\u00ebn\u00ebsit dhe m\u00ebsuesit\u00a0 n\u00eb t\u00eb gjitha mjediset p\u00ebr t\u00eb krijuar nj\u00eb klim\u00eb t\u00eb parashikueshme, konsistente, pozitive dhe t\u00eb sigurt\u00eb.<\/li>\n<li>Niveli 2:\u00a0<u>Praktikat e targetuara\u00a0<\/u>jan\u00eb t\u00eb dizenjuara p\u00ebr nx\u00ebn\u00ebsit q\u00eb kan\u00eb m\u00eb shum\u00eb nevoj\u00eb p\u00ebr mb\u00ebshtetje,reagime, struktur\u00eb dhe udh\u00ebzime.<\/li>\n<li>Niveli 3:\u00a0<u>Praktikat e individualizuara\u00a0<\/u>jan\u00eb nd\u00ebrhyrje m\u00eb intensive dhe m\u00eb t\u00eb personalizuara, p\u00ebr t\u00eb sjell\u00eb ndryshime tek nx\u00ebn\u00ebsit q\u00eb nuk iu p\u00ebrgjigjen dy niveleve t\u00eb para.<\/li>\n<\/ol>\n<p>[\/vc_toggle][\/vc_column][\/vc_row]<\/p>\n<\/div>","protected":false},"excerpt":{"rendered":"<p>[vc_row][vc_column][rev_slider_vc alias=&#8221;home-1&#8243;][\/vc_column][\/vc_row][vc_row full_width=&#8221;stretch_row_content_no_spaces&#8221; equal_height=&#8221;yes&#8221; content_placement=&#8221;top&#8221;][vc_column css=&#8221;.vc_custom_1467210877865{padding-top: 0px !important;}&#8221;][vc_row_inner equal_height=&#8221;yes&#8221; el_class=&#8221;home-widget-top&#8221;][vc_column_inner el_class=&#8221;text-white&#8221; width=&#8221;1\/4&#8243; css=&#8221;.vc_custom_1562101447482{padding-top: 30px !important;padding-right: 30px !important;padding-bottom: 30px !important;padding-left: 30px !important;background-color: #89ba2a !important;}&#8221;][\/vc_column_inner][vc_column_inner width=&#8221;1\/4&#8243; css=&#8221;.vc_custom_1562100837676{padding-top: 30px !important;padding-right: 30px !important;padding-bottom: 30px !important;padding-left: 30px !important;background-color: #0060ad !important;}&#8221;][\/vc_column_inner][vc_column_inner width=&#8221;1\/4&#8243; css=&#8221;.vc_custom_1562100946070{padding-top: 30px !important;padding-right: 30px !important;padding-bottom: 30px !important;padding-left: 30px !important;background-color: #ec411b !important;}&#8221;][\/vc_column_inner][vc_column_inner width=&#8221;1\/4&#8243; css=&#8221;.vc_custom_1562100997393{padding-top: 30px !important;padding-right: 30px !important;padding-bottom: 30px !important;padding-left: [&hellip;]<\/p>\n","protected":false},"author":1,"featured_media":0,"parent":0,"menu_order":0,"comment_status":"closed","ping_status":"closed","template":"","meta":{"footnotes":""},"_links":{"self":[{"href":"https:\/\/3i.al\/index.php?rest_route=\/wp\/v2\/pages\/8"}],"collection":[{"href":"https:\/\/3i.al\/index.php?rest_route=\/wp\/v2\/pages"}],"about":[{"href":"https:\/\/3i.al\/index.php?rest_route=\/wp\/v2\/types\/page"}],"author":[{"embeddable":true,"href":"https:\/\/3i.al\/index.php?rest_route=\/wp\/v2\/users\/1"}],"replies":[{"embeddable":true,"href":"https:\/\/3i.al\/index.php?rest_route=%2Fwp%2Fv2%2Fcomments&post=8"}],"version-history":[{"count":125,"href":"https:\/\/3i.al\/index.php?rest_route=\/wp\/v2\/pages\/8\/revisions"}],"predecessor-version":[{"id":1454,"href":"https:\/\/3i.al\/index.php?rest_route=\/wp\/v2\/pages\/8\/revisions\/1454"}],"wp:attachment":[{"href":"https:\/\/3i.al\/index.php?rest_route=%2Fwp%2Fv2%2Fmedia&parent=8"}],"curies":[{"name":"wp","href":"https:\/\/api.w.org\/{rel}","templated":true}]}}